09 a prime number?
True
Is 9257 a prime number?
True
Is 203891 composite?
True
Is 1243811 a prime number?
True
Is 19531 a prime number?
True
Is 643351 composite?
True
Is 58477 prime?
True
Is 12655 composite?
True
Is 47429 a prime number?
False
Is 29242 prime?
False
Is 8147 composite?
False
Is 43649 composite?
False
Is 13471 a composite number?
True
Is 176909 composite?
True
Is 983 composite?
False
Is 36653 prime?
True
Is 711649 a composite number?
False
Is 3797 prime?
True
Is 60707 prime?
False
Is 736607 a composite number?
False
Is 1124719 composite?
False
Is 20303 a composite number?
True
Is 33437 a composite number?
True
Is 13561 prime?
False
Is 835759 a prime number?
True
Is 47327 composite?
True
Is 1847 a prime number?
True
Is 77641 composite?
False
Is 91909 composite?
False
Is 687551 a composite number?
False
Is 2789 composite?
False
Is 141031 composite?
True
Is 3163 composite?
False
Is 3079 a prime number?
True
Is 2309 composite?
False
Is 99559 a composite number?
False
Is 13571 a prime number?
False
Is 4714 a composite number?
True
Is 6211 a composite number?
False
Is 5219 a composite number?
True
Is 6326 a prime number?
False
Is 35759 composite?
False
Is 57377 a prime number?
False
Is 107837 prime?
True
Is 66221 prime?
True
Is 26807 composite?
True
Is 1539913 a composite number?
False
Is 8849 prime?
True
Is 415 a composite number?
True
Is 6449 composite?
False
Is 110963 a composite number?
True
Is 7321 a composite number?
False
Is 12227 a composite number?
False
Is 19121 prime?
True
Is 78061 prime?
False
Is 225881 composite?
True
Is 9357 composite?
True
Is 1878406 a composite number?
True
Is 3413 a prime number?
True
Is 5591 composite?
False
Is 1937 prime?
False
Is 81265 prime?
False
Is 89413 prime?
True
Is 53107 prime?
False
Is 90313 a prime number?
True
Is 2411 prime?
True
Is 76333 a composite number?
False
Is 31307 a composite number?
False
Is 69779 prime?
True
Is 22181 prime?
False
Is 39497 a composite number?
True
Is 6742 a prime number?
False
Is 37707 a composite number?
True
Is 97855 a composite number?
True
Is 89041 composite?
False
Is 5791 a prime number?
True
Is 5983 composite?
True
Is 503423 composite?
False
Is 254329 composite?
False
Is 50719 prime?
False
Is 5077 a composite number?
False
Is 46913 composite?
True
Is 224279 a composite number?
True
Is 188567 composite?
True
Is 70039 a prime number?
True
Is 4407071 a prime number?
True
Is 570781 a prime number?
True
Is 247739 a prime number?
True
Is 351217 composite?
False
Is 9129761 composite?
False
Is 1907 composite?
False
Is 12311 a prime number?
False
Is 377155 composite?
True
Is 615991 a prime number?
False
Is 770833 a composite number?
True
Is 203293 prime?
True
Is 48957 a prime number?
False
Is 830215 a composite number?
True
Is 519565 a composite number?
True
Is 150137 prime?
False
Is 1538 a prime number?
False
Is 27179 a prime number?
True
Is 7642 composite?
True
Is 5381 a prime number?
True
Is 7963 prime?
True
Is 2336309 a composite number?
False
Is 158489 a prime number?
True
Is 30995 prime?
False
Is 3109 prime?
True
Is 3662 a composite number?
True
Is 1477 prime?
False
Is 25667 a prime number?
True
Is 89589 a composite number?
True
Is 1132063 a composite number?
False
Is 8263 prime?
True
Is 5737 prime?
True
Is 496919 a composite number?
False
Is 775321 composite?
True
Is 2129 a prime number?
True
Is 822737 a prime number?
False
Is 107999 a composite number?
False
Is 1657147 composite?
True
Is 45643 a prime number?
False
Is 10771 a prime number?
True
Is 7451 a prime number?
True
Is 38767 prime?
True
Is 21134 a composite number?
True
Is 71223 a prime number?
False
Is 957081 composite?
True
Is 80211 a prime number?
False
Is 1384619 a composite number?
False
Is 60913 a prime number?
True
Is 1661 a composite number?
True
Is 2749 a prime number?
True
Is 9799 prime?
False
Is 43 a composite number?
False
Is 31757 composite?
True
Is 2929 prime?
False
Is 104579 composite?
False
Is 79 prime?
True
Is 679589 a prime number?
False
Is 43357 prime?
False
Is 61853 a prime number?
False
Is 46993 composite?
False
Is 78398 prime?
False
Is 1783 prime?
True
Is 54745 a composite number?
True
Is 118847 composite?
True
Is 9239 a prime number?
True
Is 3453935 a prime number?
False
Is 557683 composite?
True
Is 10189 composite?
True
Is 2098 prime?
False
Is 97259 prime?
True
Is 16649 a composite number?
False
Is 2503 a composite number?
False
Is 81509 prime?
True
Is 33059 a composite number?
True
Is 10639 a composite number?
False
Is 48211 a composite number?
True
Is 6746 a composite number?
True
Is 2777 a prime number?
True
Is 260609 a prime number?
True
Is 53349 composite?
True
Is 16413 composite?
True
Is 172787 a prime number?
True
Is 1229 a composite number?
False
Is 33479 prime?
True
Is 26479 composite?
False
Is 42641 composite?
False
Is 8941 composite?
False
Is 394319 a composite number?
False
Is 113593 prime?
False
Is 416089 a prime number?
True
Is 221581 prime?
True
Is 247519 a composite number?
False
Is 31157 prime?
False
Is 313771 prime?
False
Is 5557 a prime number?
True
Is 9179 a composite number?
True
Is 42709 composite?
False
Is 7069 a composite number?
False
Is 472858 prime?
False
Is 119281 a composite number?
True
Is 334697 a composite number?
True
Is 531023 a composite number?
False
Is 14866 a composite number?
True
Is 126403 a composite number?
True
Is 1649649 prime?
False
Is 2249 a prime number?
False
Is 59921 a composite number?
False
Is 12679 composite?
True
Is 3593 composite?
False
Is 600269 prime?
True
Is 793013 prime?
False
Is 104623 a composite number?
False
Is 578777 composite?
False
Is 612403 a prime number?
False
Is 865333 a prime number?
False
Is 1103 prime?
True
Is 23399 prime?
True
Is 1399 a composite number?
False
Is 93473 prime?
False
Is 281989 prime?
True
Is 5509 prime?
False
Is 21389 prime?
False
Is 3623 composite?
False
Is 1388107 a prime number?
False
Is 802895 a composite number?
True
Is 25873 composite?
False
Is 42641 a prime number?
True
Is 2939 prime?
True
Is 791969 prime?
True
Is 293957 composite?
False
Is 325549 composite?
True
Is 381 a prime number?
False
Is 2981 a prime number?
False
Is 280811 composite?
False
Is 2726669 a prime number?
False
Is 260111 prime?
True
Is 2309 composite?
False
Is 145577 a composite number?
False
Is 380591 prime?
True
Is 428731 prime?
True
Is 57637 prime?
True
Is 110221 a prime number?
True
Is 93131 a composite number?
False
Is 331 a composite number?
False
Is 2137 a composite number?
False
Is 629 a composite number?
True
Is 3264481 prime?
False
Is 32649 a prime number?
False
Is 71871 prime?
False
Is 280909 prime?
True
Is 57191 composite?
False
Is 12671 a composite number?
False
Is 131 composite?
False
Is 74813 composite?
True
Is 220841 a composite number?
False
Is 6347 composite?
True
Is 211 composite?
False
Is 20893 prime?
False
Is 765901 a composite number?
True
Is 4534 a composite number?
True
Is 3019 prime?
True
Is 6187 prime?
False
Is 29371 composite?
True
Is 5939 prime?
True
Is 16727 prime?
False
Is 40191 a composite number?
True
Is 442877 composite?
True
Is 370571 prime?
True
Is 135893 a prime number?
True
Is 449 composite?
False
Is 74197 prime?
True
Is 22807 prime?
True
Is 588277 a prime number?
True
Is 30679 a composite number?
True
Is 28939 a prime number?
False
Is 37163 a prime number?
False
Is 36623 prime?
False
Is 233819 composite?
True
Is 3079 a prime number?
True
Is 40231 a prime number?
True
Is 40889 composite?
True
Is 447611 a prime number?
True
Is 14866 a composite number?
True
Is 351213 composite?
True
Is 2999 a prime number?
True
Is 28963 composite?
True
Is 15019 a prime number?
False
Is 6503 a prime number?
False
Is 194851 composite?
True
Is 6709 composite?
False
Is 49141 composite?
True
Is 33365 a prime number?
False
Is 19693 composite?
True
Is 753 a composite number?
True
Is 42101 a composite number?
False
Is 1661 a composite number?
True
Is 454726 a prime number?
False
Is 16639 prime?
False
Is 65271 prime?
False
Is 3831 composite?
True
Is 14099 prime?
False
Is 536267 composite?
False
Is 16859 a composite number?
True
Is 232259 a prime number?
True
Is 37729 prime?
False
Is 24683 a prime number?
True
Is 3392479 a prime number?
True
Is 1459571 prime?
False
Is 174851 prime?
True
Is 6731 composi